f 2 - -122 - 3*(-4)/i?
2
Let s(j) be the first derivative of j**4/4 + 10*j**3 - 17*j**2 - 21*j - 51. What is the tens digit of s(-31)?
7
Let w(i) = i**3 - 4*i**2 - 2*i + 13. Let u be w(4). Suppose 0 = 3*n - u*p - 4, 2*n + p = 4*p + 1. Let y(b) = -12*b + 17. What is the hundreds digit of y(n)?
1
Suppose 2*n - 9 + 1 = 0, j + n = 339. Suppose t = 2*u + 93, 3*t + 48 - j = 4*u. Suppose 4*b - v = 257, -3*b - 5*v = -b - t. What is the tens digit of b?
6
Suppose -7*u = 4*u - 3*u. Suppose u = -35*f + 36*f - 242. What is the units digit of f?
2
Let l = 2534 + -1497. Suppose 6*h - 2602 = -5*y + 3*h, -5*h + l = 2*y. What is the hundreds digit of y?
5
Let l = -3745 + 5770. Suppose -8*g = -l - 1863. What is the hundreds digit of g?
4
Let r(q) = -q. Let d(c) = 12*c - 35. Let i(g) = -d(g) - 4*r(g). Let x(v) = -v**3 + 48*v**2 - 2*v + 85. Let t be x(48). What is the hundreds digit of i(t)?
1
Suppose -272*v = 15*v - 9088429. What is the ten thousands digit of v?
3
Let w(n) = n**2 + 17*n + 11. Let d be w(-12). Let h = 52 + d. Suppose h*q - 141 = -0*q - 2*z, 3*q = 2*z + 141. What is the tens digit of q?
4
Let u be 219/(-3*2/12*-2). Let n = u - -396. What is the hundreds digit of n?
6
Let i(q) = -94*q**2 + 2*q - 1. Let f be i(-2). Let h = -887 - f. What is the units digit of 11/33 - h/3?
9
Let g(u) = 11*u**3 - 16*u**2 - 2*u + 78. What is the thousands digit of g(6)?
1
Suppose 0 = 5*g - 10, p - 3*g + 12 = -g. Let t be (-4 - 105/(-20))/((-2)/p). Suppose -w = w - t*f - 52, -4*w + 4*f + 92 = 0. What is the tens digit of w?
2
Suppose 219 = 129*s - 56*s. Let j = 4 - 2. Suppose -2*q - s*h + 120 = 0, 6*q - j*q - 256 = -2*h. What is the tens digit of q?
6
Let y = -10 + 2. Let n = 1695 - 2580. What is the hundreds digit of n/y + ((-54)/(-48))/3?
1
Let i(y) be the first derivative of y**4/4 + 17*y**3/3 + 23*y**2/2 - 5*y - 160. What is the units digit of i(-14)?
1
Let k(d) = 1. Let m(x) = x**2 + 9*x + 5. Let r(h) = 2*k(h) - m(h). Let z(b) = b**2. Let f(l) = -r(l) + 2*z(l). What is the units digit of f(-4)?
5
Let i = 64364 - 45745. What is the hundreds digit of i?
6
Let y(r) = r**2 - 7*r + 10. Let x(a) = -4*a**2 + 22*a - 29. Let i(c) = -2*x(c) - 7*y(c). Let v be i(-7). What is the units digit of (-24)/(-36)*111/v?
7
What is the tens digit of (((-55988)/(-10))/((-7)/70))/(1 + -3)?
9
Suppose 21 = 5*j - 3*y, 0*y + 6 = 2*y. Let l(t) = t**3 - 2*t**2 + 14*t - 8. What is the hundreds digit of l(j)?
2
What is the thousands digit of 157122/(-116)*(-8)/3?
3
Let i be (-2)/(-6) + (-12)/9 - -1. Suppose i = 4*x - 2*c - 540, -2*x - 5 = 4*c - 255. What is the tens digit of x?
3
Let c = 259 - 246. Suppose b + 2*x - 281 = 0, x - 285 = -14*b + c*b. What is the tens digit of b?
8
Let n = 6 - 4. Let z = -318 + 321. Suppose -128 - 8 = -2*o + z*v, 4*v + 134 = n*o. What is the units digit of o?
1
Suppose -3*x + f - 178 = 0, 0 = 4*x - x - 2*f + 176. What is the units digit of 3217/5 - (-24)/x?
3
Suppose 18 = -7*w - 94. Let x(z) = -z**2 - 30*z - 66. What is the hundreds digit of x(w)?
1
What is the units digit of 11/88 + (5 - 510115/(-40))?
8
Let u = 34089 + -9329. What is the units digit of u?
0
Suppose 28*g - 25949 + 6741 = 0. What is the tens digit of g?
8
What is the tens digit of 70751 + 3 - -26*(-6)/(-39)?
5
Let y be ((-1090)/35)/((-1)/7). Suppose 0 = 223*f - y*f - 795. What is the units digit of f?
9
Let o = -1069 + 2314. What is the units digit of o?
5
Let o(t) = t**3 - 4*t**2 - 3*t - 1. Let g be o(-4). Let l = g - -539. What is the tens digit of l?
2
Let g(v) = 1259*v + 4*v**2 - 1257*v + 1 + 0 + v**3. What is the units digit of g(5)?
6
Let q be ((-52)/(-10) - 4)/(4/10). Suppose c = -c, -4905 = q*m - c. What is the units digit of 1*8*m/(-60)?
8
Suppose 0 = -s + 2*s + 4*z + 218, -431 = 2*s + 3*z. Let d = s + 597. What is the tens digit of d?
8
Suppose -4*y + c + 37604 = 5*c, -3*c = -0*c. What is the units digit of y?
1
Let l(x) = -4*x**2 - 14*x - 36. Let d be l(-9). Let s = d + 627. What is the hundreds digit of s?
3
Let h = -16 - -17. Let t be (-19 - -20) + (1 - h - -19). Suppose t = 5*k, u + 13 = 2*u - 4*k. What is the tens digit of u?
2
Suppose 4 = 5*k - 4*d - 1198, -3*d = 5*k - 1181. Suppose 28*c - 44*c = -64. Suppose -c*w + 312 = 4*a - 0*a, k = 3*w + 5*a. What is the units digit of w?
6
Let h(c) = -9*c**3 + 19*c**2 + 197*c + 52. What is the tens digit of h(-7)?
9
Suppose 0 = 213*d - 1268341 - 422240. What is the tens digit of d?
3
Suppose 26901 - 97995 = -2*k - 6*j, 0 = -4*j. What is the tens digit of k?
4
Suppose 3*f + 61 = -3*h + 166, -60 = -h + 4*f. Let o = h + -43. What is the units digit of 4 + -2 - ((-8 - -3) + o)?
0
Let y(f) = 10*f**2 - 159*f - 1. What is the thousands digit of y(-15)?
4
Suppose 65*z = 5*d + 63*z - 31530, 2*d - 5*z - 12612 = 0. What is the hundreds digit of d?
3
Suppose 4*m = 9*m - l - 991, -4*m + 793 = -l. Let d(q) = -4*q**3 - 4*q**2 + 4*q - 2. Let h be d(2). What is the tens digit of -5 - m/h - 254/(-7)?
3
Suppose 17*s - 74*s = -550506. What is the thousands digit of s?
9
Let m = 206 - 204. What is the tens digit of m/(-9) + (-354981)/(-297)?
9
Let r(b) = -428*b - 230. What is the units digit of r(-13)?
4
Let s be 42/35 - 178/(-10). Let a = 537 - s. What is the units digit of a?
8
Suppose 0 = -2*x - x + 15. Suppose 0 = m + u - 554, 0*u + x*u = m - 536. What is the tens digit of m?
5
Let f = 3356 - 2119. What is the tens digit of f?
3
Let f be -2*(-1)/(-11) + 2210/55. Let a = -37 + f. Suppose 169 + 29 = a*i. What is the units digit of i?
6
Suppose -27*i + 28*i + 5*z = 0, 5*i - 2*z = 54. Suppose 1907 = i*w - 2223. What is the hundreds digit of w?
4
Suppose 6*i - 137 = 37. Suppose -2*t - 21 = -i. What is the units digit of t?
4
Let s = 130 + -127. Let d = -149 + 299. Suppose s*a + d = 8*a. What is the units digit of a?
0
Suppose 0 = 4*g - 538*q + 534*q - 254744, -127374 = -2*g + 3*q. What is the tens digit of g?
8
Suppose 0 = -41*o + 19*o - 46838. Let i = -756 - o. What is the thousands digit of i?
1
Let j = 70 + -67. Suppose -j*s + s = -5*k + 25, 0 = 4*k - 20. What is the tens digit of 107 - (s - ((-3)/3 + -3))?
0
Let f = 736 + -592. What is the hundreds digit of 16/f + (-22315)/(-45)?
4
Let y(k) = 3769*k**2 + 38*k - 123. What is the tens digit of y(3)?
1
Suppose 3*d = 230 + 163. Suppose 179 = 4*o + 5*f, -3*o + 5*f + 12 = -d. Suppose -4*z + o = c - 47, 73 = c - z. What is the units digit of c?
7
Let f(m) = -m**3 + 15*m**2 + 27*m - 20. Let b be f(-10). Suppose 3*q = d + 1326, q + 2*d + b = 6*q. What is the tens digit of q?
4
Suppose -2*h - 5*t - 6347 = -22605, 32548 = 4*h + 2*t. What is the hundreds digit of h?
1
Let x = 57 - -81. Let v = x - 91. Suppose -2*z + v = -75. What is the units digit of z?
1
Let h = -10545 + 21076. What is the units digit of h?
1
Suppose -12*p = -2*p - 4670. Let o = 909 - p. What is the hundreds digit of o?
4
Suppose a = 4*t + 3, 3*t = a - 2 - 1. Let w be -1 + 2/(t + 1/2). Suppose b = w*l - 381, -2*b = 4*l + l - 624. What is the tens digit of l?
2
Let s = -11 + 16. Suppose s*w - w - 1216 = 0. Suppose 9*m - w = 5*m. What is the tens digit of m?
7
Let u(x) = 146*x**2 + 224*x - 1129. What is the hundreds digit of u(5)?
6
Let l = 406 + -402. Suppose n + 5*j = 649, -4*n - l*j + 994 = -1586. What is the tens digit of n?
4
Let i(l) = 5*l**3 - l**2 + 4. Let v be i(2). Let z = -35 + v. Suppose 2*h = -z*h + 91. What is the units digit of h?
3
Let c = 26859 + 10353. What is the tens digit of c?
1
Let n = 65025 - 13317. What is the ten thousands digit of n?
5
Let p be (-1)/(-3)*(-24)/(-4). Suppose n - p*s - 13 = -0*n, -2*s - 10 = 0. Suppose -d = -5*h - 63, d - h - 91 = -n*h. What is the units digit of d?
3
Let w(i) be the second derivative of -i**4/12 - 4*i**3/3 - i**2 + 7*i. Let y be w(-7). What is the units digit of (78 - 8) + -1 + y?
4
Let w(d) = 2*d**2 - 7*d + 1112. Let i be w(0). Suppose -8*s + 32 + i = 0. What is the tens digit of s?
4
Let c(y) = -y**3 - 88*y**2 + y - 6090. What is the thousands digit of c(-91)?
8
Let j(l) = -11*l**2 - 13*l + 8. Let s(q) = 13*q**2 + 14*q - 8. Let h(c) = -5*j(c) - 4*s(c). What is the tens digit of h(10)?
8
Let u(y) = y + 11. Let d be u(-11). Suppose 5*t + 1054 = -2*w, d = t - 3*t + w - 418. Let v = 383 + t. What is the tens digit of v?
7
Suppose -6*h + 96 = 6*h. Suppose h = -f - 4*z, 3*z = -5*f + 2*z - 2. Suppo